. What is h(7)?
-7
Let f(a) = 3*a**2 + 17*a - 50. Determine f(-8).
6
Let l(b) = 17*b**2 + 143*b + 432. Determine l(-3).
156
Let h(n) = 47*n**3 + 3*n**2 + 5*n + 4. Give h(-1).
-45
Let t(z) = -z**2 - 291*z - 6419. Give t(-24).
-11
Let u(w) = w**3 + 15*w**2 + 36*w - 14. What is u(-11)?
74
Let o(j) = -j**2 - 1320*j - 13101. What is o(-10)?
-1
Let j(q) = -q**2 - 7*q + 35. Calculate j(-6).
41
Let w(v) = -v**3 - 47*v**2 + 47*v - 36. Give w(-48).
12
Let q(m) = 20*m + 1214. Determine q(-53).
154
Let r(v) = -2*v**3 + 8*v**2 + 20*v - 62. Determine r(4).
18
Let n(w) = 17*w - 83. Calculate n(-2).
-117
Let k(r) = 15*r + 689. Calculate k(-44).
29
Let b(y) = 4165*y + 12546. Determine b(-3).
51
Let u(z) = 122*z + 863. What is u(-7)?
9
Let k(u) = -5*u**2 - 60*u - 42. Calculate k(-11).
13
Let i(p) = -p**3 + 29*p**2 + 131. Determine i(29).
131
Let h(l) = -9*l**3 - 75*l**2 + 30*l + 22. Calculate h(-9).
238
Let m(k) = 120*k + 1401. Calculate m(-13).
-159
Let q(g) = g**2 + 434*g + 3823. Give q(-9).
-2
Let f(l) = -87*l + 261. Give f(3).
0
Let s(j) = -3*j + 7. Calculate s(-7).
28
Let l(n) = 164*n + 10192. Give l(-62).
24
Let c(n) = -47*n + 156. Give c(3).
15
Let i(w) = 5*w**2 + 487*w - 1826. Calculate i(-101).
-8
Let c(h) = -h**3 - 3*h**2 + 16*h - 18. Determine c(-6).
-6
Let v(j) = j**3 + 8*j**2 + 7*j - 2. Give v(-7).
-2
Let t(h) = 280*h - 5869. Give t(21).
11
Let w(k) = 25*k + 943. What is w(-40)?
-57
Let k(w) = -w**2 - 40*w - 6. What is k(-40)?
-6
Let s(n) = -3162*n + 6420. What is s(2)?
96
Let w(u) = -9*u**2 - 298*u - 28. Calculate w(-33).
5
Let x(a) = -2*a**2 + 47*a - 275. Determine x(14).
-9
Let q(s) = 2*s**2 + 58*s - 198. Determine q(3).
-6
Let v(o) = 7*o**2 + 5*o - 13. What is v(-7)?
295
Let z(s) = -6*s**2 + 98*s - 10. What is z(17)?
-78
Let y(k) = k**2 - 268*k - 3094. Determine y(-11).
-25
Let m(s) = s**3 + 23*s**2 - 15*s - 218. What is m(-23)?
127
Let y(i) = 571*i - 64. Calculate y(1).
507
Let v(b) = 9*b**3 + 3*b**2 - 5*b - 3. What is v(3)?
252
Let d(g) = 8*g**3 + 14*g**2 + 17*g - 26. Give d(-2).
-68
Let o(r) = -148*r - 7252. Calculate o(-49).
0
Let o(v) = v**2 + 53*v + 109. Determine o(-29).
-587
Let h(y) = -y**3 + 28*y**2 - 26*y - 53. Determine h(27).
-26
Let g(b) = b**2 - 28*b - 90. Determine g(-3).
3
Let x(l) = l**3 - 7*l**2 - 468*l + 2397. Calculate x(5).
7
Let n(m) = 19*m - 91. Calculate n(3).
-34
Let r(o) = -11*o - 272. Give r(-23).
-19
Let k(w) = 2*w**3 + 20*w**2 + w + 10. Calculate k(-10).
0
Let q(v) = 2*v**3 + 206*v**2 - 208*v - 9. Give q(-104).
-9
Let r(u) = -96*u - 1909. Determine r(-20).
11
Let i(s) = -s**2 - 61*s + 116. Calculate i(2).
-10
Let x(g) = g**3 + 3*g**2 - 367*g + 75. Give x(-21).
-156
Let g(k) = 50*k - 951. What is g(19)?
-1
Let l(z) = -3*z**3 - 27*z**2 - 7*z + 7. Calculate l(-9).
70
Let o(n) = -1053*n - 235. Determine o(-1).
818
Let m(y) = -5*y**3 + 819*y**2 + 996*y - 989. Give m(165).
1
Let v(x) = x**2 - 92*x + 1617. Calculate v(24).
-15
Let c(k) = 671*k - 4028. Determine c(6).
-2
Let l(v) = 5*v**3 + 45*v**2 - 53*v - 12. Give l(-10).
18
Let q(f) = 6*f**2 - 130*f - 20. What is q(22)?
24
Let o(y) = 58*y**2 - 754*y - 20. Give o(13).
-20
Let t(z) = 126*z**2 - 238*z - 19. Calculate t(2).
9
Let o(p) = -13*p**2 + 267*p + 126. Calculate o(21).
0
Let s(u) = u**2 + 722*u - 3633. Determine s(5).
2
Let h(m) = -3*m**3 + 56*m**2 - 23*m + 3. Determine h(19).
-795
Let l(c) = -c**3 + 10*c**2 + 8*c + 137. Give l(11).
104
Let r(n) = -270*n - 1088. Determine r(-4).
-8
Let l(t) = 30*t**2 + 83*t - 21. Give l(-3).
0
Let t(j) = j**2 - 28*j + 191. Give t(11).
4
Let g(c) = 5*c**2 - 259*c - 47. Determine g(52).
5
Let m(k) = -k**3 - 18*k**2 + 9*k + 354. Give m(-17).
-88
Let j(g) = -151*g - 350. What is j(-4)?
254
Let a(k) = -k**3 + 4*k**2 + 293*k - 193. Give a(19).
-41
Let r(n) = -14*n**2 + 76*n + 1. Calculate r(6).
-47
Let p(o) = 3*o**3 + 26*o**2 - 11*o - 18. Calculate p(-5).
312
Let v(b) = -10*b + 6. Calculate v(13).
-124
Let f(t) = 4*t + 111. Determine f(-18).
39
Let c(s) = 4*s + 54. Determine c(6).
78
Let a(j) = -121*j - 12459. What is a(-102)?
-117
Let u(x) = -x**2 - 52*x - 556. Give u(-37).
-1
Let m(o) = 4*o**3 - 38*o**2 + 23*o - 40. Give m(9).
5
Let z(q) = 3*q**3 + 4*q**2 + 30*q + 61. Calculate z(-2).
-7
Let c(k) = -k**3 - 4*k**2 - 239*k - 734. What is c(-3)?
-26
Let j(o) = -o**2 + 48*o - 282. Give j(7).
5
Let r(g) = 10*g**2 - 187*g + 864. Calculate r(9).
-9
Let y(b) = -b**2 + 25*b - 139. Give y(9).
5
Let b(z) = -93*z + 8836. Determine b(97).
-185
Let a(w) = -12*w**2 + 83*w - 19. What is a(7)?
-26
Let h(n) = -30*n - 109. What is h(-5)?
41
Let h(v) = 9*v**3 + 6*v**2 + 2*v + 1. What is h(-1)?
-4
Let i(u) = -u**3 + 6*u**2 + 4*u - 12. Give i(9).
-219
Let c(z) = 812*z - 1624. Determine c(2).
0
Let f(t) = -4*t**2 + 321*t + 648. Determine f(-2).
-10
Let s(p) = p**3 + 17*p**2 - 988*p - 16051. Calculate s(-16).
13
Let h(p) = p**3 - 22*p**2 - 6*p + 149. Calculate h(22).
17
Let c(o) = o**3 - 17*o**2 + 22*o + 117. What is c(15)?
-3
Let o(x) = -4*x - 64. Calculate o(13).
-116
Let n(i) = -2*i**3 + 3*i**2 - 2. Give n(-1).
3
Let h(c) = -2*c**2 + 3*c - 42. Give h(-10).
-272
Let c(z) = z**2 - 24*z + 36. Give c(22).
-8
Let k(c) = 223*c + 201. Determine k(-2).
-245
Let d(a) = a**2 - 23*a + 74. Determine d(14).
-52
Let p(z) = -8*z**2 + 1674*z + 1252. What is p(210)?
-8
Let o(x) = -x**2 - 111*x + 4217. Calculate o(30).
-13
Let t(k) = k**2 - 34*k + 37. What is t(34)?
37
Let p(b) = -3*b**3 + 16*b**2 - 13*b - 16. What is p(7)?
-352
Let j(a) = -a**2 - 8*a - 62. Determine j(-9).
-71
Let y(o) = -1044*o + 3133. What is y(3)?
1
Let d(h) = -13*h**2 - 2167*h + 679. Give d(-167).
11
Let u(v) = v**3 + 27*v**2 + 124*v - 39. Calculate u(-21).
3
Let j(d) = 44*d + 848. Determine j(-18).
56
Let b(f) = f**3 - f**2 - 24*f + 49. Calculate b(-7).
-175
Let g(w) = 5*w**2 - 300*w + 2301. Give g(51).
6
Let o(g) = 19*g**2 + 16*g - 4. What is o(5)?
551
Let u(x) = x**2 + 14*x - 3087. Determine u(-63).
0
Let k(n) = 155*n + 1574. Calculate k(-10).
24
Let g(k) = k**3 - k**2 - 18*k + 42. Calculate g(2).
10
Let z(u) = -u**3 - 33*u**2 + 271*u - 227. Give z(6).
-5
Let l(t) = -17*t + 848. What is l(50)?
-2
Let n(z) = -z**3 + 13*z**2 - 36*z + 39. Determine n(9).
39
Let d(k) = -4*k - 283. Calculate d(-8).
-251
Let c(q) = -26*q**2 + 9*q - 3. Calculate c(-2).
-125
Let u(r) = 5*r**3 + 65*r**2 - 16*r - 210. Give u(-13).
-2
Let l(r) = -r**3 + 6*r**2 - 8*r + 16. Calculate l(4).
16
Let i(a) = a**3 + 14*a**2 + 47*a + 8. Calculate i(-8).
16
Let h(l) = -150*l - 26859. Give h(-179).
-9
Let m(y) = 5*y**2 + 4*y - 34. Give m(-5).
71
Let g(n) = n**3 + n**2 - 20*n - 39. Give g(-3).
3
Let h(q) = -307*q + 11954. Calculate h(39).
-19
Let f(v) = -406*v - 2836. Calculate f(-7).
6
Let g(l) = 54*l + 548. Determine g(-10).
8
Let a(s) = 3*s**2 + 229*s - 369. Determine a(-78).
21
Let k(r) = 43*r + 322. Calculate k(-8).
-22
Let u(l) = 11*l - 167. Calculate u(19).
42
Let v(f) = 111*f - 102. Calculate v(4).
342
Let y(i) = -i**3 - 3*i**2 + 8*i - 83. Calculate y(-6).
-23
Let s(a) = -1757*a - 15826. Give s(-9).
-13
Let p(h) = 20*h**2 - 4414*h - 1323. Calculate p(221).
3
Let q(k) = -8*k + 162. Determine q(28).
-62
Let f(s) = 8*s - 264. Give f(21).
-96
Let a(d) = -d**2 - 7*d + 32. Determine a(3).
2
Let b(l) = 4*l**2 - 71*l - 51. Determine b(17).
-102
Let n(t) = t**2 - 1477*t + 183578. Determine n(137).
-2
Let c(a) = 12*a**2 - 18*a - 65. Determine c(-5).
325
Let o(v) = 50*v**3 - 3*v**2 - 15*v - 12. Determine o(-1).
-50
Let u(n) = -n**3 - 6*n + 3. Give u(0).
3
Let l(q) = -170*q**2 + 81*q + 82. What is l(-1)?
-169
Let d(y) = -y**3 - 3*y**2 + 31*y - 34. Give d(-8).
38
Let v(r) = -2*r**2 + 275*r - 4879. What is v(21)?
14
Let m(w) = 55*w + 489. Determine m(-9).
-6
Let q(i) = 115*i - 1200. What is q(11)?
65
Let z(r) = -r**2 + 72*r - 909. Give z(56).
-13
Let o(s) = 568*s + 2784. Determine o(-5).
-56
Let f(o) = o**3 - 2*o**2 - 28*o - 15. Give f(-6).
-135
Let w(r) = -2*r**3 - 35*r**2 + 101*r + 1994. Calculate w(-17).
-12
Let f(j) = 49*j**2 - 12*j + 20. Determine f(2).
192
Let s(h) = h**2 - 18*h - 51. Give s(10).
-131
Let n(u) = 2*u**2 + 117*u + 1381. What is n(-41)?
-54
Let z(j) = -2*j**3 - 8*j**2 + j + 5. Determine z(-5).
50
Let k(l) = -4*l**2 - 340*l + 82. What is k(0)?
82
Let r(b) = 405*b + 21082. Calculate r(-52).
22
Let p(o) = o**2 - 27*o - 46. 